{"id":23,"date":"2014-02-15T15:24:25","date_gmt":"2014-02-15T14:24:25","guid":{"rendered":"http:\/\/neu.vermieterverein-bedburg.de\/?page_id=23"},"modified":"2020-06-19T06:28:40","modified_gmt":"2020-06-19T05:28:40","slug":"wichtiges","status":"publish","type":"page","link":"https:\/\/www.vermieterverein-bedburg.de\/?page_id=23","title":{"rendered":"Wichtiges"},"content":{"rendered":"<p><b>Formulare<\/b><\/p>\n<p style=\"text-align: justify;\">Bei unserer Gesch\u00e4ftsf\u00fchrerin, dem Vorstand sowie dem Beirat k\u00f6nnen unsere Mitglieder wochentags Formularmietvertr\u00e4ge f\u00fcr Wohnungen, H\u00e4user, gewerbliche R\u00e4ume, Garagen und Mietspiegel der St\u00e4dte Bedburg, Bergheim und Elsdorf gegen Entgelt nach vorheriger telefonischer Absprache erwerben. Die Anschriften, etc. finden Sie unter Kontaktdaten.<\/p>\n<p style=\"text-align: justify;\"><b>Eigentum Aktuell<\/b><\/p>\n<p style=\"text-align: justify;\">Wir informieren Sie auch durch die monatlich erscheinende Zeitschrift \u201eEigentum Aktuell\u201c \u00fcber alle Fragen des Haus- und Grundeigentums, insbesondere auch des Mietrechts.<\/p>\n<p><b>Informationsabende<\/b><\/p>\n<p style=\"text-align: justify;\">An j\u00e4hrlich stattfindenden Informationsabenden werden insbesondere Fragen der Mitglieder zu aktuellen Themen sachkundig beantwortet. Bei den letzten Informationsabenden wurden folgende Themen behandelt:<\/p>\n<ul>\n<li>\u00a0Mieterh\u00f6hung, Mietspiegel, Mietvertrag<\/li>\n<li>\u00a0Nebenkostenabrechnung<\/li>\n<li>\u00a0Nachbarschaftsrecht<\/li>\n<li>\u00a0Bergsch\u00e4den<\/li>\n<li>\u00a0L\u00e4rmschutz<\/li>\n<li>\u00a0\u00f6ffentlich gef\u00f6rderte Wohnungen<\/li>\n<li>\u00a0neues Mietrecht<\/li>\n<li>\u00a0Verm\u00f6gens- und Erbrecht<\/li>\n<li>\u00a0Energiepass<\/li>\n<\/ul>\n","protected":false},"excerpt":{"rendered":"<p>Formulare Bei unserer Gesch\u00e4ftsf\u00fchrerin, dem Vorstand sowie dem Beirat k\u00f6nnen unsere Mitglieder wochentags Formularmietvertr\u00e4ge f\u00fcr Wohnungen, H\u00e4user, gewerbliche R\u00e4ume, Garagen und Mietspiegel der St\u00e4dte Bedburg, Bergheim und Elsdorf gegen Entgelt nach vorheriger telefonischer Absprache erwerben. Die Anschriften, etc. finden Sie unter Kontaktdaten. Eigentum Aktuell Wir informieren Sie auch durch die monatlich erscheinende Zeitschrift \u201eEigentum Aktuell\u201c [&hellip;]<\/p>\n","protected":false},"author":1,"featured_media":0,"parent":15,"menu_order":2,"comment_status":"closed","ping_status":"closed","template":"","meta":{"footnotes":""},"class_list":["post-23","page","type-page","status-publish","hentry"],"_links":{"self":[{"href":"https:\/\/www.vermieterverein-bedburg.de\/index.php?rest_route=\/wp\/v2\/pages\/23","targetHints":{"allow":["GET"]}}],"collection":[{"href":"https:\/\/www.vermieterverein-bedburg.de\/index.php?rest_route=\/wp\/v2\/pages"}],"about":[{"href":"https:\/\/www.vermieterverein-bedburg.de\/index.php?rest_route=\/wp\/v2\/types\/page"}],"author":[{"embeddable":true,"href":"https:\/\/www.vermieterverein-bedburg.de\/index.php?rest_route=\/wp\/v2\/users\/1"}],"replies":[{"embeddable":true,"href":"https:\/\/www.vermieterverein-bedburg.de\/index.php?rest_route=%2Fwp%2Fv2%2Fcomments&post=23"}],"version-history":[{"count":9,"href":"https:\/\/www.vermieterverein-bedburg.de\/index.php?rest_route=\/wp\/v2\/pages\/23\/revisions"}],"predecessor-version":[{"id":626,"href":"https:\/\/www.vermieterverein-bedburg.de\/index.php?rest_route=\/wp\/v2\/pages\/23\/revisions\/626"}],"up":[{"embeddable":true,"href":"https:\/\/www.vermieterverein-bedburg.de\/index.php?rest_route=\/wp\/v2\/pages\/15"}],"wp:attachment":[{"href":"https:\/\/www.vermieterverein-bedburg.de\/index.php?rest_route=%2Fwp%2Fv2%2Fmedia&parent=23"}],"curies":[{"name":"wp","href":"https:\/\/api.w.org\/{rel}","templated":true}]}}